?
4
Suppose -47 = 13*q + 83. Let w(c) = -c**3 - 9*c**2 + 12*c + 11. Let n be w(q). What is the tens digit of ((-876)/n)/2 + 14/(-21)?
4
Suppose -153 + 501 = 87*u. Let j = 260 + -145. What is the units digit of u*(-4 + j/20)?
7
Suppose 42*l - 551346 = -16*l + 15*l. What is the ten thousands digit of l?
1
Let x(b) = 131*b**2 - 29*b + 284. What is the tens digit of x(8)?
3
Suppose -2013*x = -2005*x - 157944. What is the hundreds digit of x?
7
Suppose -7*q = -22 - 20. What is the units digit of 2/q + (-2 - (-10290)/18)?
0
Suppose 1775 + 84169 = 4*w - 4*g, -g = 2*w - 42960. What is the tens digit of w?
8
Suppose -18314 - 145110 = -16*u. What is the ten thousands digit of u?
1
Suppose -61*m + 65*m + o - 23510 = 0, -2*o + 17630 = 3*m. What is the hundreds digit of m?
8
What is the tens digit of 646 - (288/(-12))/4?
5
What is the tens digit of ((24541/(-46))/11)/(0 - 2/260)?
0
Let h(k) = -2*k**3 - 6*k**2 - 4*k - 2. Let l be h(-7). Suppose 49*x + 3*x + 11180 = 0. Let v = l + x. What is the hundreds digit of v?
2
Let f(n) = -n**3 - 19*n**2 - 40*n + 33. Let k be f(-17). Suppose k*q + 2492 = 142*q. What is the tens digit of q?
5
Suppose -4*a = 4*q - 8, -a + 4*q - q = 18. What is the tens digit of ((-19338)/(-55))/(a/(-10))?
7
Let g = 32968 - 4196. What is the units digit of g?
2
Suppose -71*a = -76*a - 4*c + 40094, -a - 3*c = -8021. What is the tens digit of a?
1
Suppose -124*r = -72*r - 529412. What is the thousands digit of r?
0
Suppose -58*y = 574341 - 1848485. What is the ten thousands digit of y?
2
Suppose 181077 - 19838 = 132*k - 176945. What is the units digit of k?
2
Let c(d) = -d**3 - 6*d**2 + 29*d + 20. Let i be c(-9). What is the units digit of (17/2)/(i/8)?
4
Suppose -52 - 16 = 4*b. Let q(u) = 3*u**2 + 14*u - 11. Let s(h) = 7*h**2 + 28*h - 23. Let w(n) = 5*q(n) - 2*s(n). What is the units digit of w(b)?
2
Let j = -3865 + 14394. What is the thousands digit of j?
0
Suppose 0 = -2*u + 78 - 10. Let h(k) = k**3 - 33*k**2 - 16*k + 6. What is the units digit of h(u)?
8
Suppose 0 = -2*y + 323 + 277. Suppose -y = g - 5*g. What is the units digit of (-5)/(g/48)*(-55)/2?
8
Let g = 4455 - 1779. What is the hundreds digit of g?
6
Suppose -56*v - 25 = -61*v. Suppose 0 = 4*w - 3*w - 3*l - 23, v*l - 15 = -w. Suppose -w*n + 25*n - 690 = 0. What is the units digit of n?
8
Suppose -250*j = -99*j - 69*j - 6476032. What is the ten thousands digit of j?
7
Let s(l) = -821*l**3 - 3*l + 24. What is the hundreds digit of s(-3)?
2
Let d(o) = -39*o - 276. Let l be d(-8). Suppose -l*g = -1862 + 458. What is the tens digit of g?
3
Let h = 40947 - 16765. What is the thousands digit of h?
4
What is the hundreds digit of 4/8*4*(-127708)/(-56)?
5
Suppose 0 = -5*t + 8*t - 1572. What is the tens digit of t - -13 - (2 - -3)?
3
Suppose -q + 5*q + o + 100 = 0, 100 = -4*q + 5*o. Let u be q/(-5) - 2 - -6. Suppose -n + 213 = -c, 5*c = -5*n + u*c + 1064. What is the units digit of n?
2
Suppose 0 = -2*c - 7*c + 15669. Let s = c - 1034. What is the units digit of s?
7
Suppose 60 = 9*w - 3. Suppose -15 = 4*r - w. What is the units digit of 6 - (-4)/(r/1)?
4
Suppose -d = 7*d - 304. Let j = d + 16. What is the units digit of j/(6/2)*(0 + 5)?
0
Suppose -2624*a + 2694*a = 1859760. What is the units digit of a?
8
Suppose 2*m = 3*c + 3*m + 14, 3*m + 15 = 0. Let q be 3*(c/3 - 10). Let w = q - -92. What is the tens digit of w?
5
Let t(v) = 213*v**2 - v + 8. Let f be t(-4). Suppose 84*p - 82*p - f = 0. What is the tens digit of p?
1
Let n be (-3 + -9)/((20/(-15))/2). What is the units digit of (-2987)/(-6) + 3/n?
8
Let g = -3535 - -1908. Let q = -780 - g. What is the hundreds digit of q?
8
Let k(u) = 12*u + 6779. What is the thousands digit of k(41)?
7
Suppose -2*n = 4*r + 2, 0*r = 3*n - 3*r - 15. Suppose -2*l = -n*a - 242, 2*a + 91 + 68 = -l. What is the units digit of (-84)/(-8)*a/(-12)?
0
Suppose -8*f + 29 = 93. What is the tens digit of 0 + f - -2 - -1530?
2
Let a(w) = -w**3 + 90*w**2 - 392*w + 541. What is the ten thousands digit of a(82)?
2
What is the tens digit of 11030/1 - (-12)/15*20/8?
3
Suppose 2*l - 4 = 4*q, q - 2*l + 4 = -4*q. Suppose 3*u + 23 = 2*o, 0 = 5*u + 4*o + 9 - q. What is the units digit of u/(5/(-3)) - -83?
6
Let d = -133 + 21. What is the hundreds digit of (-265)/(-2)*d/(-105)*3?
4
Let w(c) = -3*c**2 - 205*c - 51. What is the units digit of w(-18)?
7
Suppose -905*j = 5*v - 900*j - 193700, -4*v + 154897 = -5*j. What is the thousands digit of v?
8
Let r be 4 - (-2 + 0 - (-5 + 2809)). Suppose -2*j + r = 5*s - 2466, 2*j = 6. What is the hundreds digit of s?
0
Suppose -183 = -6*q + 315. Let r = 503 - q. What is the hundreds digit of r?
4
Let h(x) = x**3 + 11*x**2 + 6*x - 7. Let q be h(-10). Let z = 2871 - 1903. What is the tens digit of z/q*(-3)/(-1)?
8
Let m = 7791 - 3407. Suppose 19*x - m - 14483 = 0. What is the tens digit of x?
9
Suppose 5*a - 13 = 7. Suppose -4*r = -3*u + 2*u - 32, -3*u = -a*r + 72. What is the units digit of (-2*u/(-8))/(-1)?
5
Suppose 15290 = 5*i + 2*o, 2*i + 12260 = 6*i - 4*o. Suppose -2*v + 1228 = 4*f - 6*f, 5*v - i = -5*f. What is the units digit of v?
3
Let s(b) = -111*b + 22. Let m be s(-6). Suppose -5*o - 2*h + 3*h = -1164, 2*h - m = -3*o. What is the hundreds digit of o?
2
Let k = 15 + -11. Suppose -5*w = -k*r - 0*w, -r = w. Suppose -3*b - 2*b + 200 = r. What is the units digit of b?
0
Let b be (12/(-24))/((-1)/(-4)). Let j be (b/4)/((-2)/220). Let m = 144 + j. What is the hundreds digit of m?
1
Suppose -53*t - 10255 = -54*t - 2*a, -10269 = -t - 4*a. What is the hundreds digit of t?
2
Let u be (-4 - -13)/36 - (-2)/(-8). Suppose 5*v - 282 = -2*r + v, -r - 3*v + 138 = u. What is the units digit of r?
7
Let f(l) = -3*l + 17. Let p be f(6). What is the tens digit of ((-10)/(-6))/(5/((-1635)/p))?
4
Suppose 3*j = -j + 3*j. Suppose a + 4*d - 2*d - 18 = j, -3*a = -4*d - 54. What is the tens digit of (a/27 - (-268)/(-6))*-2?
8
Suppose 4*o = 2*o + 10, 4*o - 29 = -3*p. Suppose -132 = -p*g + 42. Let m = 94 - g. What is the units digit of m?
6
Suppose -4*g + 4*u - 997 = -6841, -3*g = -4*u - 4387. What is the units digit of g?
7
Let g be (-5)/15*-2 - (-14)/(-3). Let x = g - -1. What is the hundreds digit of 146 + 6 + x + 3?
1
Let r(c) = c**3 + 8*c**2 + c + 5. Let h be r(-7). Suppose 11*z = 734 + h. What is the units digit of z?
1
Suppose -37*z = 14 - 88. Suppose -2*t + 4*b = -6*t + 1916, -1438 = -3*t - z*b. What is the units digit of t?
0
Suppose -6*g + 9*g = -18*g + 936915. What is the units digit of g?
5
Let j = 40119 - -9968. What is the units digit of j?
7
Suppose 0 = 35*f - 33*f. Suppose f = -j + 3*j - 638. What is the tens digit of j?
1
Let s = 915 - 889. Let o(i) = -i**3 + 29*i**2 - 57*i - 76. What is the hundreds digit of o(s)?
4
Suppose 5*u = 2*z + 73384, -5*u + 3*u + 29344 = -4*z. What is the units digit of u?
8
Suppose 0 = -23*x + 8*x + 150. Suppose 0 = -x*l + 10471 - 2441. What is the tens digit of l?
0
Suppose 139*i - 39*i = -44*i + 381024. What is the hundreds digit of i?
6
Let s(l) = 134*l + 724. What is the hundreds digit of s(48)?
1
Let s be (1/3)/(10/990). What is the tens digit of -6 + (-6 - -5) + s?
2
Let g be ((-403)/2)/(1/2). What is the tens digit of (1 - g) + 1 - (-23)/23?
0
Let x(z) = -z**2 - 9*z + 59. Let j(f) = -4*f**2 - 46*f + 292. Let i(v) = 3*j(v) - 14*x(v). What is the units digit of i(12)?
4
Let q(g) = 8*g + 82. Let x be q(-10). Suppose -12*o + 7*o + 20 = 0, -5*o + 156 = x*j. Suppose 2*m - 22 = j. What is the tens digit of m?
4
Let r = -2962 - -1509. Let n = r - -2119. What is the units digit of n?
6
Let u(h) = -459*h - 1285. What is the tens digit of u(-4)?
5
Suppose -25*h - 4338 = -19*h. Let x = h + 1121. What is the hundreds digit of x?
3
Let w be (-60)/21 - 5/35. What is the hundreds digit of 4 - 165/45 - 1388/w?
4
Suppose 17*c - 1468 = 827. Let g = 180 - c. What is the units digit of g?
5
Suppose 5*c + 4*z + 35263 - 103779 = 0, 3*z = -c + 13701. What is the hundreds digit of c?
7
Let m = -31862 + 55794. What is the hundreds digit of m?
9
Let y be (50/15 - 2)*(-18)/(-4). Let d be (3 - (-70)/(-15))/((-2)/y). Suppose 0*r + d*r - 100 = 0. What is the units digit of r?
0
Let l = 5333 - 5331. Let s(k) = -k**2 - k + 9. Let i be s(0). Suppose l = -w, -2*u - 4*w + 24 = -i*w. What is the units digit of u?
7
Let n(i) be the second